1
Let r = 51309 - -9304. List the prime factors of r.
7, 1237
Let u(p) = -p**3 + 10*p**2 + 22*p + 26. Let d be u(12). Suppose d*c - 93 = -q, -3*q = c - 399 + 130. What are the prime factors of q?
89
Let t = 271 - 163. Suppose -11*k + 3188 = t. List the prime factors of k.
2, 5, 7
What are the prime factors of 0/3 + (0 - 2) + 5306 + -150?
2, 3, 859
Suppose -4*l = -3*l - 2. Let w(h) = 5*h**l + 9 + 6*h + 8 - 13. What are the prime factors of w(-4)?
2, 3, 5
Let a(z) = -3*z**3 + 3*z + 4*z**3 + 16*z - 96 + 25*z**2 + 0*z**3 + 35. List the prime factors of a(-20).
1559
Let u = 674 + -703. Let a(z) = z**3 + 30*z**2 + 16*z - 98. List the prime factors of a(u).
3, 31
Suppose 50*s + 56 = 57*s. Suppose -s*z = -4739 - 821. What are the prime factors of z?
5, 139
Suppose 174*r + 58700 = 194*r. List the prime factors of r.
5, 587
Let v be (-470)/(-15) + 1/(-6)*2. Suppose 28*s - v*s = 51. What are the prime factors of 4/4 + 2 - (s + -4)?
2, 3
Let r be (1 + -1)/(-2 - 0). Suppose 5*k + 40 = 3*a - 0*a, 0 = 5*a + 5*k. Suppose r*b - g = 2*b - 228, -2*b - a*g = -236. What are the prime factors of b?
113
Suppose -h + 21 - 25 = 0. Let o be -2 + 4 - (h - 32). Let z = o - 10. List the prime factors of z.
2, 7
Let m be 6/15 + 78/5 - -4. Suppose 0 = 4*i + m, 0*f - 2*i = 4*f + 10. Suppose -2*t + 5*t - 435 = f. What are the prime factors of t?
5, 29
Let j = 25 - 20. Let r be -202 + (-3 - -3) + j. Let n = r + 417. What are the prime factors of n?
2, 5, 11
Let l = 388 + -189. Let v = 314 - l. List the prime factors of v.
5, 23
Let y(j) = j**2 + 12*j - 58. Let q be y(-17). Suppose 45*i - q*i - 10836 = 0. What are the prime factors of i?
2, 7, 43
Suppose -2*d - 2*c = -18, -2*d - 6 + 19 = c. Suppose 4*z + d = 12. What are the prime factors of (-1)/z + 2025/18?
2, 7
Suppose -3*k + 122*k = -106*k + 7785900. What are the prime factors of k?
2, 41, 211
Let c(i) = -17296*i**3 - i**2 + 6*i + 8. What are the prime factors of c(-1)?
7, 353
List the prime factors of -4 + -278*(245/(-14))/7.
691
Let s = -15 - -20. Suppose -s*d = 4*d - 27. Suppose 0 = -d*h + 32 + 25. What are the prime factors of h?
19
Let b be 19396/9 - 0 - 4/36. Suppose 4*a + b = 3*d, -2*d - 5*a = -0*d - 1452. List the prime factors of d.
7, 103
Let c = 6158 - -1409. List the prime factors of c.
7, 23, 47
Let p be (9/(-6) + 0)*(-80)/24. Suppose 2*x = -2*c + 958, p*c + 2411 = 5*x + 2*c. What are the prime factors of x?
13, 37
Suppose -4*n - 3784 = -4*l, -2*l - 5*n = -135 - 1722. Let j = l + -609. Let z = -181 + j. What are the prime factors of z?
151
Suppose 22*a - 23*a + 80 = 0. Suppose 15*u - 13*u + 4*y = a, 3*u - 5*y = 131. List the prime factors of u.
2, 3, 7
Suppose -5*d - 46138 = -h, 5*h - 4*h = 2*d + 46117. List the prime factors of h.
46103
Let z = 256 - -987. Suppose -15*c + 4*c + z = 0. List the prime factors of c.
113
Let k = -18 + 15. Let b be k/(1/(-6) - 6/612). Let f = b + 23. What are the prime factors of f?
2, 5
Suppose 48*n - 373028 - 448429 = -3*n. What are the prime factors of n?
3, 7, 13, 59
Let z be 3 - (-16 - (4 + (-6)/(-3))). Suppose -z*i + 6986 = -14589. List the prime factors of i.
863
Suppose m + 5*l = 32, -4*m + 72 = 5*l - 11. Suppose -m*h + 11*h = -624. What are the prime factors of h?
2, 13
Let w = -77072 + 111757. What are the prime factors of w?
5, 7, 991
Suppose 2112 = -29*o + 32*o. Suppose -o = -3*b - 4*m, 3*m = 7*b - 11*b + 927. What are the prime factors of b?
2, 3, 19
Let u(j) = -12*j**3 + 3*j**2 + 58*j + 457. What are the prime factors of u(-10)?
3, 11, 41
Let c = 9084 + 3120. List the prime factors of c.
2, 3, 113
Let h(i) = 3*i**3 - 4*i**2 - 9*i. Let k(u) = 16*u**3 - 20*u**2 - 46*u. Let s(z) = -11*h(z) + 2*k(z). Suppose 3*o = 4*o + 4. List the prime factors of s(o).
2, 5
Suppose 2140 = 5*c + 297*l - 302*l, 2*l = -c + 446. What are the prime factors of c?
2, 7, 31
Suppose -4*n = -2*w + n + 94722, -3*w + n + 142096 = 0. List the prime factors of w.
2, 11, 2153
Suppose 3*x = -5*r - 60, 4*x + 12 = 3*x + r. Let q = 181 - x. What are the prime factors of q?
2, 7
Let w(n) = 5 + 994*n + 993*n + 32*n**2 - 1989*n. What are the prime factors of w(4)?
509
Suppose -25 = -5*x, 16 = -s + 3*x - 3. Let q(p) = 5*p**2 + 5*p - 5. Let b be q(s). Let k = -2 + b. List the prime factors of k.
53
Let t(d) = 2155*d**2 - 8*d + 25. Let g be t(-4). Suppose 4566 = -17*a + g. What are the prime factors of a?
41, 43
Let n(d) be the first derivative of d**2 + 10*d - 4. Let l be n(-4). Suppose 4*w - l*w - 28 = 0. What are the prime factors of w?
2, 7
Let g(y) = -y + 38. Let n be 4*(4 + 28/(-8)). Suppose l = n*l - u + 10, 40 = -3*l - 2*u. What are the prime factors of g(l)?
2, 5
Suppose 3*z - 2*z = -1. Let r(m) = -2 - 56*m - 2 - 28*m. What are the prime factors of r(z)?
2, 5
Let i = -45 + 57. Suppose -2*x - 3*s - 2 - 5 = 0, 4*s = -2*x - i. Suppose 2*a - l + 155 - 425 = 0, x*a - l = 544. List the prime factors of a.
137
Let b be 4/(-10) - (-246568)/170. Let d = b + -766. What are the prime factors of d?
2, 3, 19
Let t(i) = -i - 16. Let l be t(-16). Let j(g) = g + 1. Let c be j(10). Suppose -c*b + 593 + 452 = l. List the prime factors of b.
5, 19
Let f = 267 - 55. Let d = f + -411. Let t = -73 - d. List the prime factors of t.
2, 3, 7
Suppose -k + 35704 = -3*u, -22529 + 58213 = k + u. List the prime factors of k.
89, 401
Let a be -1*(25/(-5) + 4). List the prime factors of 3725/(5/a) - 3.
2, 7, 53
Let x be (5 - 4)*-1 + -1035. Let j = 1553 + x. List the prime factors of j.
11, 47
Suppose -17*i + 69053 = -154616. List the prime factors of i.
59, 223
Let y(q) = 5*q**2 + 15*q + 5. What are the prime factors of y(22)?
5, 19, 29
Suppose 63*g = 116*g - 71*g + 265392. What are the prime factors of g?
2, 19, 97
Suppose k + 3*m + 0 - 2 = 0, k - 22 = 2*m. Let n be (24/10)/(((-18)/(-80))/(-3)). What are the prime factors of 1562/k - n/(-56)?
3, 37
Suppose -13*o - 130*o = -727727. What are the prime factors of o?
7, 727
Let a = -98 + 132. Suppose -3*g + 4*s - 5*s = -21, -2*s + a = 5*g. Suppose 0 = -w - g*w + 1395. List the prime factors of w.
5, 31
Suppose z - 3*t - 1 = 0, -4*z = -5*z - 5*t + 9. Suppose 13 = 3*i - l - 6, 22 = z*i - 2*l. Suppose -i*k + 519 - 47 = 0. List the prime factors of k.
59
Let b be (1/3)/((-1)/795). Let u = b + 821. List the prime factors of u.
2, 139
Suppose 37 = 5*y - 4*d + 7*d, 2*y - 18 = -2*d. Suppose -y*z = 5*a - 4190, -4*a + z = a - 4172. List the prime factors of a.
5, 167
Suppose 0 = -2*j - 5*j. Suppose 5*o - 4*x = 156, -4*o + 127 = -j*o - x. Let d = o + 35. List the prime factors of d.
67
Let y = 861 - 813. Let g(a) = -a**2 + 72*a + 129. What are the prime factors of g(y)?
3, 7, 61
Let i = -417 + 438. Let t = i + 162. List the prime factors of t.
3, 61
List the prime factors of (17 + (10 - 28))*-11619.
3, 1291
Suppose 3*g + 56 = -3*c + 11, -3*c = -4*g - 46. List the prime factors of (12 + -15 + g/(-5))*-1290.
2, 3, 43
Let h(q) = -193*q + 2. Let w be h(-2). Suppose -w - 20 = -8*n. List the prime factors of n.
3, 17
Suppose -4*u = 4*b - 60, 30 = 3*u - u + 5*b. Let t be -4 - u/(4 - 9). What are the prime factors of 197 - 1/(t/(6/(-2)))?
2, 97
Let z = 185 + -180. Suppose -z*g + 624 = g. What are the prime factors of g?
2, 13
Suppose n + 20*h - 1860 = 0, -n - 672 = 4*h - 2580. List the prime factors of n.
2, 3, 5
Suppose 7 = 4*j - 3*y, 5*j + 2*y = -2*y - 30. Let l(t) = 2*t + 4. Let h be l(-5). List the prime factors of ((-704)/(-33))/(j/h).
2
Suppose t + 42 = 7*t. Suppose -10*g = -t*g. List the prime factors of (g + 1 - (1 - -1))*-14.
2, 7
Let c be (246/(-3))/2*(-19 - -2). Suppose 0 = 5*s - 1503 - c. Suppose 4*y - s - 103 = -o, -5*o = -4*y + 573. What are the prime factors of y?
137
Suppose -3*m + 18 = -6*f + 9*f, 4 = 4*f - m. Suppose 0 = -2*l - 2*s + 262 + 578, 0 = -f*l + 3*s + 840. List the prime factors of l.
2, 3, 5, 7
Suppose -6 - 10 = -2*j. Suppose 5*y - 784 = d, 0*d - j = 2*d. Suppose 9*i - 5*i = y. What are the prime factors of i?
3, 13
Suppose 0 = -97*t + 118*t - 251790. What are the prime factors of t?
2, 5, 11, 109
List the prime factors of (8 + -3 - (7 + 10/(-10)))*-3382.
2, 19, 89
Let c(i) = i + 15. Let y be c(-13). Suppose y*k + 3*v + 7 = 92, -53 = -k + 2*v. List the prime factors of k.
47
Suppose 64 = 2*w - w. Let x be 58/(-348) - (-6415)/6. Suppose w = -5*c + x. List the prime factors